{"id":6593,"date":"2022-05-27T14:30:04","date_gmt":"2022-05-27T13:30:04","guid":{"rendered":"http:\/\/www.scennerich.de\/?page_id=6593"},"modified":"2025-08-09T09:07:56","modified_gmt":"2025-08-09T08:07:56","slug":"fit-fuer-die-zukunft","status":"publish","type":"page","link":"https:\/\/www.scennerich.de\/?page_id=6593","title":{"rendered":"Fit f\u00fcr die Zukunft!"},"content":{"rendered":"<div class=\"wp-block-image\">\n<figure class=\"aligncenter\"><img loading=\"lazy\" width=\"384\" height=\"164\" src=\"https:\/\/www.scennerich.de\/wp-content\/uploads\/SCE-Fit-f\u00fcr-die-Zukunft_Logo-1.png\" alt=\"\" class=\"wp-image-6599\" srcset=\"https:\/\/www.scennerich.de\/wp-content\/uploads\/SCE-Fit-f\u00fcr-die-Zukunft_Logo-1.png 384w, https:\/\/www.scennerich.de\/wp-content\/uploads\/SCE-Fit-f\u00fcr-die-Zukunft_Logo-1-300x128.png 300w\" sizes=\"(max-width: 384px) 100vw, 384px\" \/><\/figure><\/div>\n\n\n<p><strong>Sponsoren gesucht \u2013 gemeinsam f\u00fcr die Zukunft des SC Ennerich<\/strong><\/p>\n\n\n\n<p>Der&nbsp;<strong>SC Ennerich 1950 e.V.<\/strong>&nbsp;feiert in diesem Jahr sein&nbsp;<strong>75-j\u00e4hriges Bestehen<\/strong>&nbsp;und blickt stolz auf eine lange, erfolgreiche Vereinsgeschichte zur\u00fcck. Mit fast 300 Mitgliedern z\u00e4hlen wir zu den bekannten Sportvereinen im Landkreis Limburg-Weilburg.<\/p>\n\n\n\n<p>Unser Verein bietet Sport und Gemeinschaft in folgenden Abteilungen:<\/p>\n\n\n\n<ul><li><strong>Fu\u00dfball \u2013 Herrenmannschaft<\/strong><\/li><li><strong>Damenturnen \/ Gymnastik<\/strong><\/li><li><strong>Tennis Alte Herren<\/strong><\/li><li><strong>Tennis Herren<\/strong><\/li><li><strong>Tennis Damen<\/strong><\/li><li><strong>Boule<\/strong>&nbsp;(f\u00fcr alle Geschlechter)<\/li><li><strong>Badminton<\/strong><\/li><\/ul>\n\n\n\n<p>Besonders am Herzen liegt uns die&nbsp;<strong>F\u00f6rderung von Kindern<\/strong>:<br>In Kooperation mit dem Ennericher Kindergarten begeistern wir schon die J\u00fcngsten f\u00fcr Bewegung, Teamgeist und sportliche Aktivit\u00e4t.<\/p>\n\n\n\n<p><strong>Erfolgreich umgesetzte Modernisierungen:<\/strong><br>In den vergangenen Jahren haben wir intensiv in unsere Vereinsinfrastruktur investiert:<\/p>\n\n\n\n<ul><li>Modernisierung der Umkleiden und Duschr\u00e4ume<\/li><li>Erneuerung und Modernisierung des Vereinsheims<\/li><li>Ausbau des Vereinsheims f\u00fcr \u00f6ffentliche Veranstaltungen, Feiern und Gastronomieangebote<\/li><li>Umr\u00fcstung der Flutlichtanlage auf moderne LED-Technik<\/li><li>Sanierung des Vereinsdachs und der Au\u00dfenanlagen<\/li><\/ul>\n\n\n\n<p>Diese Investitionen sichern uns eine zeitgem\u00e4\u00dfe, attraktive Sportst\u00e4tte und schaffen neue M\u00f6glichkeiten f\u00fcr den Verein und die Dorfgemeinschaft.<\/p>\n\n\n\n<p><strong>Unsere Einladung an Sie:<\/strong><br>Wir freuen uns \u00fcber&nbsp;<strong>jedes neue Mitglied<\/strong>&nbsp;\u2013 egal ob aktiv auf dem Platz oder passiv als Unterst\u00fctzer.<br>Ebenso wichtig sind uns&nbsp;<strong>Sponsoren<\/strong>, die unsere Arbeit f\u00fcr Sport, Gemeinschaft und Jugendarbeit unterst\u00fctzen.<\/p>\n\n\n\n<p><strong>Kontakt:<\/strong><br>Jonas Dietrich<br>E-Mail:&nbsp;<a>jonas-dietrich@gmx.de<\/a><\/p>\n","protected":false},"excerpt":{"rendered":"<p>Sponsoren gesucht \u2013 gemeinsam f\u00fcr die Zukunft des SC Ennerich Der&nbsp;SC Ennerich 1950 e.V.&nbsp;feiert in diesem Jahr sein&nbsp;75-j\u00e4hriges Bestehen&nbsp;und blickt stolz auf eine lange, erfolgreiche<\/p>\n","protected":false},"author":17,"featured_media":0,"parent":0,"menu_order":0,"comment_status":"closed","ping_status":"closed","template":"","meta":[],"_links":{"self":[{"href":"https:\/\/www.scennerich.de\/index.php?rest_route=\/wp\/v2\/pages\/6593"}],"collection":[{"href":"https:\/\/www.scennerich.de\/index.php?rest_route=\/wp\/v2\/pages"}],"about":[{"href":"https:\/\/www.scennerich.de\/index.php?rest_route=\/wp\/v2\/types\/page"}],"author":[{"embeddable":true,"href":"https:\/\/www.scennerich.de\/index.php?rest_route=\/wp\/v2\/users\/17"}],"replies":[{"embeddable":true,"href":"https:\/\/www.scennerich.de\/index.php?rest_route=%2Fwp%2Fv2%2Fcomments&post=6593"}],"version-history":[{"count":5,"href":"https:\/\/www.scennerich.de\/index.php?rest_route=\/wp\/v2\/pages\/6593\/revisions"}],"predecessor-version":[{"id":6941,"href":"https:\/\/www.scennerich.de\/index.php?rest_route=\/wp\/v2\/pages\/6593\/revisions\/6941"}],"wp:attachment":[{"href":"https:\/\/www.scennerich.de\/index.php?rest_route=%2Fwp%2Fv2%2Fmedia&parent=6593"}],"curies":[{"name":"wp","href":"https:\/\/api.w.org\/{rel}","templated":true}]}}

Fit für die Zukunft!

<div class="wp-block-image">
<figure class="aligncenter"><img loading="lazy" width="384" height="164" src="https://www.scennerich.de/wp-content/uploads/SCE-Fit-für-die-Zukunft_Logo-1.png" alt="" class="wp-image-6599" srcset="https://www.scennerich.de/wp-content/uploads/SCE-Fit-für-die-Zukunft_Logo-1.png 384w, https://www.scennerich.de/wp-content/uploads/SCE-Fit-für-die-Zukunft_Logo-1-300x128.png 300w" sizes="(max-width: 384px) 100vw, 384px" /></figure></div>


<p><strong>Sponsoren gesucht – gemeinsam für die Zukunft des SC Ennerich</strong></p>



<p>Der&nbsp;<strong>SC Ennerich 1950 e.V.</strong>&nbsp;feiert in diesem Jahr sein&nbsp;<strong>75-jähriges Bestehen</strong>&nbsp;und blickt stolz auf eine lange, erfolgreiche Vereinsgeschichte zurück. Mit fast 300 Mitgliedern zählen wir zu den bekannten Sportvereinen im Landkreis Limburg-Weilburg.</p>



<p>Unser Verein bietet Sport und Gemeinschaft in folgenden Abteilungen:</p>



<ul><li><strong>Fußball – Herrenmannschaft</strong></li><li><strong>Damenturnen / Gymnastik</strong></li><li><strong>Tennis Alte Herren</strong></li><li><strong>Tennis Herren</strong></li><li><strong>Tennis Damen</strong></li><li><strong>Boule</strong>&nbsp;(für alle Geschlechter)</li><li><strong>Badminton</strong></li></ul>



<p>Besonders am Herzen liegt uns die&nbsp;<strong>Förderung von Kindern</strong>:<br>In Kooperation mit dem Ennericher Kindergarten begeistern wir schon die Jüngsten für Bewegung, Teamgeist und sportliche Aktivität.</p>



<p><strong>Erfolgreich umgesetzte Modernisierungen:</strong><br>In den vergangenen Jahren haben wir intensiv in unsere Vereinsinfrastruktur investiert:</p>



<ul><li>Modernisierung der Umkleiden und Duschräume</li><li>Erneuerung und Modernisierung des Vereinsheims</li><li>Ausbau des Vereinsheims für öffentliche Veranstaltungen, Feiern und Gastronomieangebote</li><li>Umrüstung der Flutlichtanlage auf moderne LED-Technik</li><li>Sanierung des Vereinsdachs und der Außenanlagen</li></ul>



<p>Diese Investitionen sichern uns eine zeitgemäße, attraktive Sportstätte und schaffen neue Möglichkeiten für den Verein und die Dorfgemeinschaft.</p>



<p><strong>Unsere Einladung an Sie:</strong><br>Wir freuen uns über&nbsp;<strong>jedes neue Mitglied</strong>&nbsp;– egal ob aktiv auf dem Platz oder passiv als Unterstützer.<br>Ebenso wichtig sind uns&nbsp;<strong>Sponsoren</strong>, die unsere Arbeit für Sport, Gemeinschaft und Jugendarbeit unterstützen.</p>



<p><strong>Kontakt:</strong><br>Jonas Dietrich<br>E-Mail:&nbsp;<a>jonas-dietrich@gmx.de</a></p>

<p>Sponsoren gesucht – gemeinsam für die Zukunft des SC Ennerich Der&nbsp;SC Ennerich 1950 e.V.&nbsp;feiert in diesem Jahr sein&nbsp;75-jähriges Bestehen&nbsp;und blickt stolz auf eine lange, erfolgreiche</p>
